{"id":2,"date":"2016-05-10T03:48:21","date_gmt":"2016-05-10T03:48:21","guid":{"rendered":"http:\/\/more-women-in-lions.de\/?page_id=2"},"modified":"2019-05-22T13:02:24","modified_gmt":"2019-05-22T13:02:24","slug":"sample-page","status":"publish","type":"page","link":"https:\/\/more-women-in-lions.de\/?page_id=2","title":{"rendered":"MORE WOMEN IN LIONS"},"content":{"rendered":"\n<div class=\"wp-block-image\"><figure class=\"aligncenter is-resized\"><img loading=\"lazy\" decoding=\"async\" src=\"https:\/\/more-women-in-lions.de\/wp-content\/uploads\/2019\/05\/Frauen-bei-LIONS-Flyer-1-Kopie-04-873x1024.png\" alt=\"\" class=\"wp-image-97\" width=\"219\" height=\"257\" srcset=\"https:\/\/more-women-in-lions.de\/wp-content\/uploads\/2019\/05\/Frauen-bei-LIONS-Flyer-1-Kopie-04-873x1024.png 873w, https:\/\/more-women-in-lions.de\/wp-content\/uploads\/2019\/05\/Frauen-bei-LIONS-Flyer-1-Kopie-04-256x300.png 256w, https:\/\/more-women-in-lions.de\/wp-content\/uploads\/2019\/05\/Frauen-bei-LIONS-Flyer-1-Kopie-04-768x901.png 768w, https:\/\/more-women-in-lions.de\/wp-content\/uploads\/2019\/05\/Frauen-bei-LIONS-Flyer-1-Kopie-04.png 949w\" sizes=\"auto, (max-width: 219px) 100vw, 219px\" \/><\/figure><\/div>\n\n\n\n<h2 class=\"wp-block-heading\">Die magischen 50 %:<\/h2>\n\n\n\n<p>Ist es m\u00f6glich, im Zuge der Gleichberechtigung Frauen und M\u00e4nner in ausgewogener Mitgliederzahl f\u00fcr Lions zu akquirieren, um im Sinne unseres Mottos \u201eWe Serve\u201c gemeinsam zu handeln? Seit Frauen vor 30 Jahren erneut Zugang zu Lions erhielten, zeichnet sich ein leichter Anstieg der Frauenquote ab. Das liegt vor allem daran, dass die Neugr\u00fcndungen \u00fcberwiegend gemischte Clubs sind.<\/p>\n\n\n\n<p>Woran mag es liegen, dass Frauen in den Clubs trotzdem noch unterrepr\u00e4sentiert sind? Im Distrikt 111-BN z.B. engagieren sich nur 11,4% Frauen als Mitglieder in Lions Clubs.<\/p>\n\n\n\n<p>Die vier Diskussionsgruppen stellten fest, dass das oberste Grundverst\u00e4ndnis f\u00fcr ein gelingendes Clubleben die gegenseitige Achtung ist: M\u00e4nner den Frauen gegen\u00fcber und umgekehrt.<\/p>\n\n\n\n<p>Weitere Kernaussagen, die in Zukunft n\u00e4her zu untersuchen bzw. zu ber\u00fccksichtigen sind:<\/p>\n\n\n\n<ul class=\"wp-block-list\"><li>Gute \u00d6ffentlichkeitsarbeit (wie bei den Testimonials zu 100 Jahre Lions),&nbsp;Frauen und M\u00e4nner in gleicher Funktion und Quantit\u00e4t zeigen.<\/li><li>Abbau von Vorurteilen: Lions ist kein \u201eAltherren-Verein\u201c.<\/li><li>Transparenz schaffen, weibliche F\u00fchrungskr\u00e4fte bekannt machen, um Vorbildfunktion zu zeigen.<\/li><li>Club-Strukturen \u00fcberdenken, Entscheidungsprozesse herbeif\u00fchren, \u00d6ffnung von M\u00e4nnerclubs f\u00fcr Frauen &#8211; auf m\u00e4nnliche Mentoren zur\u00fcckgreifen, die Lobbyarbeit leisten, Frauen (z. B. weibliche LEOS) ermuntern, von sich aus bei den Clubs anzuklopfen.<\/li><li>Das Clubleben familienfreundlicher gestalten.<\/li><li>Bei Neugr\u00fcndung einem gemischten Club den Vorzug geben.<\/li><li>GLT-Programme auf gezielte Frauenwerbung ausrichten.<\/li><li>In vielen Organisationen gibt es weibliche und m\u00e4nnliche Mitglieder, die PartnerInnen haben. In keiner Organisation wird so heftig dar\u00fcber diskutiert wie bei den Lions, ob die Partnerinnen \u201eFrauen zweiter Klasse\u201c im Club sind, wenn der Club weibliche Mitglieder aufnimmt.<\/li><li>Das Thema Frauen &amp; Lions sollte kontinuierlich weiter vorangetrieben werden, um im stetigen Wandel unserer Gesellschaft die Chance der bestm\u00f6glichen Ressourcenb\u00fcndelung f\u00fcr Lions nutzen zu k\u00f6nnen.<\/li><\/ul>\n\n\n\n<div style=\"height:100px\" aria-hidden=\"true\" class=\"wp-block-spacer\"><\/div>\n\n\n\n<h2 class=\"wp-block-heading\">Leadership \u2013 Frauen in Lions \u00c4mter<\/h2>\n\n\n\n<p>Eine Statistik aus BS zeigt f\u00fcr die je 10 gemischt gegr\u00fcndeten Clubs in der Region M\u00fcnchen sowie in einer l\u00e4ndlichen Region in Oberbayern, dass in der Gro\u00dfstadt rund 48 % der Mitglieder in diesen Clubs Frauen sind, auf dem Land rund 36 %. Der Anteil der Frauen, die in einem gemischt gegr\u00fcndeten Club bisher Pr\u00e4sidentinnen waren, lag aber 2012 nur bei 16 % bzw. 21 %. Auch 2016 besteht mit rund 26 % Frauenanteil bei den Pr\u00e4sidentinnen noch ein deutliches Ungleichgewicht gegen\u00fcber den M\u00e4nnern, von denen rund 39 % dieses Amt innehatte (Grafik). Aktuell wird in BS nur \u00bc der gemischten Clubs von einer Pr\u00e4sidentin gef\u00fchrt. Auch wenn diese Statistik nat\u00fcrlich nicht repr\u00e4sentativ sein kann f\u00fcr den MD, spricht doch viel daf\u00fcr, dass dieser prozentuale Trend auch in anderen Regionen zu finden w\u00e4re.<br>\nDie Workshop-Teilnehmer waren zun\u00e4chst verbl\u00fcfft \u00fcber diese Zahlen, dann haben wir uns gefragt: Warum sind Frauen z.B. Sekret\u00e4re, Leo- oder Presse-Beauftragte, aber im Vergleich zu den m\u00e4nnlichen Mitgliedern viel seltener Pr\u00e4sidentinnen und wie k\u00f6nnen wir das ver\u00e4ndern?<\/p>\n\n\n\n<p><strong>Die wichtigsten Antworten: <\/strong><\/p>\n\n\n\n<p>Frauen streben meist nicht von sich aus nach vorne, sie sollten\/m\u00fcssten positiv gefragt werden \u201eIch traue Dir das Amt zu, wir unterst\u00fctzen Dich!\u201c<\/p>\n\n\n\n<p>In den drei Bayerischen Distrikten gibt es gemeinsame zweit\u00e4gige Leadership-Seminare, die u.a. mit einer Rhetorik-Schulung und Video-Analyse auf das Amt als Pr\u00e4sident vorbereiten; solche speziellen \u00c4mterschulungen wurden f\u00fcr alle Distrikte gew\u00fcnscht, ein Thema f\u00fcr GLT im MD<\/p>\n\n\n\n<p>Es sollte eine mindestens halbt\u00e4gige Pr\u00e4sidenten- und Pr\u00e4sidentinnen-Schulung geben im Rahmen des KDL<\/p>\n\n\n\n<p>Frauen m\u00fcssen mutiger werden, dazu w\u00fcrden bessere und detailliertere \u00c4mterbeschreibungen sowie die Vorbildfunktion weiblicher Amtstr\u00e4ger beitragen<\/p>\n\n\n\n<p>Das Beispiel einiger gemischter Clubs, immer abwechselnd eine Frau und einen Mann als Pr\u00e4sidenten zu w\u00e4hlen, sollte \u201eSchule machen\u201c<\/p>\n\n\n\n<p>Wenn mehr Frauen Pr\u00e4sidentinnen werden, erf\u00fcllen sie die Voraussetzungen, als ZCH im Kabinett ihres Distrikts mitzuarbeiten. Aktuell werden nur 52 der 212 Zonen im MD von einer weiblichen Zone-Chairperson geleitet. Auch im Kabinett und im Governorrat sind die magischen 50 % noch weit entfernt\u2026\u2026<\/p>\n\n\n\n<div style=\"height:100px\" aria-hidden=\"true\" class=\"wp-block-spacer\"><\/div>\n\n\n\n<h2 class=\"wp-block-heading\">Vereinbarkeit von Familie, Beruf und Lyons-Mitgliedschaft<\/h2>\n\n\n\n<p>Schon die Vereinbarkeit von Beruf und Familie macht vielen Eltern Schwierigkeiten. Mehr als zwei Drittel (68%) geben an, damit Probleme zu haben. Wenn dann noch ein Ehrenamt hinzukommt, r\u00fccken Zeit und Belastung schnell an die Grenzen des Machbaren. Doch Lions Clubs International braucht die jungen Menschen, die naturgem\u00e4\u00df mit Beruf und Familie ausgef\u00fcllt sind, genauso wie die Generation, die mit der Pflege der \u00e4lteren Angeh\u00f6rigen betraut ist. Wie kann der Spagat trotzdem gelingen, welche Bedingungen brauchen diese Menschen, um sich in einem Lions Club engagieren zu k\u00f6nnen?<\/p>\n\n\n\n<p>Die Akzeptanz des Partners ist wesentlich f\u00fcr das ehrenamtliche Engagement und kann erreicht werden, wenn Sinn und zeitliches Engagement klar benannt werden, idealerweise bevor die Entscheidung f\u00fcr eine Clubmitgliedschaft gefallen ist: Zeitlicher Umfang des Clublebens sowie die Verpflichtung, \u00c4mter zu \u00fcbernehmen, m\u00fcssen ehrlich angesprochen werden. <br><br>Die Akzeptanz und Toleranz des Clubs, wenn in besonderen Situationen &#8211; zeitweise st\u00e4rkere berufliche Belastung, Krankheiten, besondere Situationen in der Familie &#8211; nur eine geringere Anwesenheit bei den Clubabenden m\u00f6glich ist.  Dazu geh\u00f6rt beidseitig eine offene Kommunikation. Hier ist der Mitgliedschaftsbeauftragte gefragt als Vermittler, wenn es im Austausch hakt.<\/p>\n\n\n\n<p>Die Organisation eines Betreuungsdienstes f\u00fcr Kinder und \u00e4ltere Angeh\u00f6rige, vielleicht die Leos (entgeltlich), um die Teilnahme am Clubleben zu erm\u00f6glichen.  Das gleiche gilt auch f\u00fcr Distrikt- und Multidistriktversammlungen &#8211; dort sollte neben einem f\u00fcr Partner und Kinder attraktivem Begleitprogramm auch ein Babysitter-Dienst vorgehalten werden.<\/p>\n\n\n\n<p>Die Ausrichtung der Clubsitzungen und Aktivit\u00e4ten nach den M\u00f6glichkeiten und Bed\u00fcrfnissen seiner Mitglieder. Die \u00fcbliche 2-w\u00f6chige abendliche Clubversammlung ist auf den Pr\u00fcfstand zu stellen, vielleicht ein Clubtreffen am Sonntag mit Beteiligung der Familie anzusetzen.<\/p>\n\n\n\n<p>Die Steigerung der Attraktivit\u00e4t einer Mitgliedschaft im Lions Club, die als Bereicherung, nicht als zus\u00e4tzliche Belastung empfunden werden sollte. Nur dann w\u00e4chst die Bereitschaft Familie, Beruf und ehrenamtliches Engagement unter einen Hut zu bringen. Neben den berufs- und familienfreundlichen Rahmenbedingungen spielt das Image von Lions eine gro\u00dfe Rolle. Weg vom \u201eAltherrenimage\u201c zu einer flexiblen Organisation f\u00fcr junge, \u00e4ltere und alte Menschen.<\/p>\n\n\n\n<p>F\u00f6rderung eines \u201egesunden Egoismus\u201c z.B. durch Seminare zur Selbstbehauptung sowie die Hilfestellung im ehrenamtliche Engagement durch Mentoren (nicht zu verwechseln mit Paten)  <\/p>\n\n\n\n<div style=\"height:100px\" aria-hidden=\"true\" class=\"wp-block-spacer\"><\/div>\n\n\n\n<h2 class=\"wp-block-heading\">Neue Wege<\/h2>\n\n\n\n<p>Auf der Ideenb\u00f6rse der Open Space Veranstaltung stellte sich schnell heraus, dass drei S\u00e4ulen zum Thema \u201eFrauen &amp; Lions\u201c betrachtet werden m\u00fcssen:<\/p>\n\n\n\n<p>Club \u2013 Distrikt  \u2013  Multidistrikt<\/p>\n\n\n\n<p>Unsere Fragestellung war: Was k\u00f6nnen die Clubs, der Distrikt und der Multi-Distrikt tun, um erfolgreich zu agieren?<\/p>\n\n\n\n<p>Als Ergebnis der Diskussionsrunde kann global festgehalten werden:<\/p>\n\n\n\n<p>Clubs sollten<\/p>\n\n\n\n<ul class=\"wp-block-list\"><li>zum \u201eAnlocken\u201c \u201esichtbar\u201c sein durch PR und attraktive Activitys<\/li><li>Frauen als Entscheidungstr\u00e4ger auf den Fotos bei Activitys zeigen<\/li><li>eine gr\u00f6\u00dfere Vernetzung von Frauen untereinander f\u00f6rdern<\/li><li>offene Abende anbieten und das Aufnahmeverfahren diskutieren<\/li><li>auf m\u00e4nnliche Unterst\u00fctzung zur\u00fcckgreifen sowie den Bekanntenkreis ansprechen, um das Thema zu publizieren<\/li><li>au\u00dferdem: \u201eAsk  one\u201c von Frauen f\u00fcr Frauen<\/li><\/ul>\n\n\n\n<p>Distrikt<\/p>\n\n\n\n<ul class=\"wp-block-list\"><li>durch GMT\/GLT das Thema bef\u00fcrworten, Workshops anbieten, in der Pr\u00e4sidenten- und Mitgliedschafts-Beauftragten-Schulung zum Thema machen<\/li><li>Ideen und eventuelle Vereinbarungen an den MD weiter geben<\/li><li>Sichtbarkeit von Frauen z.B. in Presse \/ Distrikt-Magazin \/ sozialen Medien<\/li><li>weibliche Clubmitglieder sollten Pr\u00e4senz zeigen in der Zone, bei Distrikt-Veranstaltungen, auf dem KDL<\/li><li>auf der DV offensiv (\u201eknackig\u201c) die Zahlen anbringen<\/li><\/ul>\n\n\n\n<p>Multidistrikt<\/p>\n\n\n\n<ul class=\"wp-block-list\"><li>das Leitbild von Lions Clubs International in Deutschland modernisieren, weiblicher werden lassen <\/li><li>mehr Frauen auf der Multi-Distrikt-Ebene agieren lassen<\/li><li>mehr F\u00fchrungs-Pr\u00e4senz von Frauen in der Presse (LION) zeigen<\/li><li>die Inhalte der KGMT\/KGLT-Schulungen intensiver auf das Thema Frauen &amp; Lions abstimmen<\/li><li>auf den kommenden KDL und auf dem Europaforum diesen Workshop zum Thema #morewomeninlions weiterf\u00fchren<\/li><\/ul>\n\n\n\n<p>Die Sammlung zeigt sehr deutlich, dass das Thema haupts\u00e4chlich in der \u00d6ffentlichkeitsarbeit (den Magazinen, den sozialen Medien und dem Internet), also in der Sichtbarkeit sowie in der Idee von GMT\/GLT angesiedelt ist. <\/p>\n\n\n\n<div style=\"height:100px\" aria-hidden=\"true\" class=\"wp-block-spacer\"><\/div>\n\n\n\n<figure class=\"wp-block-image\"><img loading=\"lazy\" decoding=\"async\" width=\"1024\" height=\"465\" src=\"https:\/\/more-women-in-lions.de\/wp-content\/uploads\/2019\/05\/Grafik-1024x465.png\" alt=\"\" class=\"wp-image-76\" srcset=\"https:\/\/more-women-in-lions.de\/wp-content\/uploads\/2019\/05\/Grafik-1024x465.png 1024w, https:\/\/more-women-in-lions.de\/wp-content\/uploads\/2019\/05\/Grafik-300x136.png 300w, https:\/\/more-women-in-lions.de\/wp-content\/uploads\/2019\/05\/Grafik-768x349.png 768w, https:\/\/more-women-in-lions.de\/wp-content\/uploads\/2019\/05\/Grafik.png 1804w\" sizes=\"auto, (max-width: 767px) 89vw, (max-width: 1000px) 54vw, (max-width: 1071px) 543px, 580px\" \/><\/figure>\n","protected":false},"excerpt":{"rendered":"<p>Die magischen 50 %: Ist es m\u00f6glich, im Zuge der Gleichberechtigung Frauen und M\u00e4nner in ausgewogener Mitgliederzahl f\u00fcr Lions zu akquirieren, um im Sinne unseres Mottos \u201eWe Serve\u201c gemeinsam zu handeln? Seit Frauen vor 30 Jahren erneut Zugang zu Lions erhielten, zeichnet sich ein leichter Anstieg der Frauenquote ab. Das liegt vor allem daran, dass &hellip; <\/p>\n<p class=\"link-more\"><a href=\"https:\/\/more-women-in-lions.de\/?page_id=2\" class=\"more-link\"><span class=\"screen-reader-text\">\u201eMORE WOMEN IN LIONS\u201c <\/span>weiterlesen<\/a><\/p>\n","protected":false},"author":1,"featured_media":0,"parent":0,"menu_order":0,"comment_status":"closed","ping_status":"open","template":"","meta":{"footnotes":""},"class_list":["post-2","page","type-page","status-publish","hentry"],"_links":{"self":[{"href":"https:\/\/more-women-in-lions.de\/index.php?rest_route=\/wp\/v2\/pages\/2","targetHints":{"allow":["GET"]}}],"collection":[{"href":"https:\/\/more-women-in-lions.de\/index.php?rest_route=\/wp\/v2\/pages"}],"about":[{"href":"https:\/\/more-women-in-lions.de\/index.php?rest_route=\/wp\/v2\/types\/page"}],"author":[{"embeddable":true,"href":"https:\/\/more-women-in-lions.de\/index.php?rest_route=\/wp\/v2\/users\/1"}],"replies":[{"embeddable":true,"href":"https:\/\/more-women-in-lions.de\/index.php?rest_route=%2Fwp%2Fv2%2Fcomments&post=2"}],"version-history":[{"count":0,"href":"https:\/\/more-women-in-lions.de\/index.php?rest_route=\/wp\/v2\/pages\/2\/revisions"}],"wp:attachment":[{"href":"https:\/\/more-women-in-lions.de\/index.php?rest_route=%2Fwp%2Fv2%2Fmedia&parent=2"}],"curies":[{"name":"wp","href":"https:\/\/api.w.org\/{rel}","templated":true}]}}